{"id":16,"date":"2020-10-05T20:30:34","date_gmt":"2020-10-05T18:30:34","guid":{"rendered":"http:\/\/www.clairdesol.be\/?page_id=16"},"modified":"2021-06-26T16:05:08","modified_gmt":"2021-06-26T14:05:08","slug":"accueil","status":"publish","type":"page","link":"https:\/\/www.clairdesol.be\/","title":{"rendered":"Accueil"},"content":{"rendered":"\nC\u2019est surtout \u00e0 travers la musique et la chanson que Clair de Sol d\u00e9veloppe ses activit\u00e9s artistiques et culturelles.La musique, en tant que telle, ou encore dans une invitation \u00e0 la danse dans le cas de concert-animation, est une source de partage d\u2019\u00e9motions et de rencontres.\n<br>C\u2019est dans cet esprit que l\u2019association \u0153uvre et d\u00e9sire contribuer aux \u00e9changes interpersonnels et interculturels.Quand \u00e0 la chanson, c\u2019est surtout celle destin\u00e9e aux enfants qui pr\u00e9domine. Une des missions de Clair de Sol est d\u2019offrir une structure de travail favorisant la cr\u00e9ation de chansons ainsi que la mise sur pied de spectacles destin\u00e9s au jeune public (Cancrenote,\u2026).\n<br>Mais l\u2019association est aussi pr\u00e9sente sur le terrain (\u00e9coles, hautes \u00e9coles, biblioth\u00e8ques, consultation ONE,\u2026), en initiant les enfants et enseignants aux plaisirs de la musique et de la chanson. Par des ateliers d\u2019\u00e9veil sensoriel, d\u2019\u00e9veil musical ou par des projets de cr\u00e9ation de CD ou autres supports, Clair de Sol stimule l\u2019imagination et la r\u00e9flexion, tout en po\u00e9sie, sur des th\u00e9matiques actuelles.\n<br><br>Clair de Sol jouit d\u2019une reconnaissance par la FWB comme personne morale oeuvrant dans le secteur professionnel des Arts de la Sc\u00e8ne et est \u00e9galement repr\u00e9sent\u00e9e au Conseil de D\u00e9veloppement de la Lecture de la ville de Charleroi.\n","protected":false},"excerpt":{"rendered":"<p>C\u2019est surtout \u00e0 travers la musique et la chanson que Clair de Sol d\u00e9veloppe ses activit\u00e9s artistiques et culturelles.La musique, en tant que telle, ou encore dans une invitation \u00e0 la danse dans le cas de concert-animation, est une source de partage d\u2019\u00e9motions et de rencontres. C\u2019est dans cet esprit que l\u2019association \u0153uvre et d\u00e9sire &hellip; <\/p>\n<p><a class=\"more-link btn\" href=\"https:\/\/www.clairdesol.be\/\">Continue reading<\/a><\/p>\n","protected":false},"author":1,"featured_media":0,"parent":0,"menu_order":0,"comment_status":"closed","ping_status":"closed","template":"","meta":[],"_links":{"self":[{"href":"https:\/\/www.clairdesol.be\/index.php\/wp-json\/wp\/v2\/pages\/16"}],"collection":[{"href":"https:\/\/www.clairdesol.be\/index.php\/wp-json\/wp\/v2\/pages"}],"about":[{"href":"https:\/\/www.clairdesol.be\/index.php\/wp-json\/wp\/v2\/types\/page"}],"author":[{"embeddable":true,"href":"https:\/\/www.clairdesol.be\/index.php\/wp-json\/wp\/v2\/users\/1"}],"replies":[{"embeddable":true,"href":"https:\/\/www.clairdesol.be\/index.php\/wp-json\/wp\/v2\/comments?post=16"}],"version-history":[{"count":4,"href":"https:\/\/www.clairdesol.be\/index.php\/wp-json\/wp\/v2\/pages\/16\/revisions"}],"predecessor-version":[{"id":94,"href":"https:\/\/www.clairdesol.be\/index.php\/wp-json\/wp\/v2\/pages\/16\/revisions\/94"}],"wp:attachment":[{"href":"https:\/\/www.clairdesol.be\/index.php\/wp-json\/wp\/v2\/media?parent=16"}],"curies":[{"name":"wp","href":"https:\/\/api.w.org\/{rel}","templated":true}]}}